 119. Let b = 96 + m. What is the units digit of b?
2
Suppose -4*q - 5 = 19. Let u = -4 - q. Suppose 2*x - 8 = -u. What is the units digit of x?
3
Let q = -2 - -2. Suppose 2*g + 41 = 3*c - q*g, 20 = -5*g. What is the tens digit of c?
1
Let h = 1 - -5. Suppose -12 = h*r - 9*r. What is the units digit of r?
4
Let c be (-34)/8 - (-2)/8. What is the units digit of 24*((-2)/c)/1?
2
What is the units digit of (-4)/(1 - (-18)/(-14))?
4
Let l = 19 + 31. What is the tens digit of l?
5
Let g(h) = -h**3 - 6*h**2 + 15*h + 34. What is the tens digit of g(-8)?
4
What is the units digit of -1*2/1 - -33?
1
Suppose 4 = -8*h + 4*h. What is the units digit of (-6 + h)*48/(-14)?
4
Suppose 0 = -0*k - k. Let r = 16 + -18. What is the units digit of (-15)/6*(r + k)?
5
Let g = 4 + -2. Let s = 5 + g. What is the units digit of s?
7
Suppose 4*j + 0*j = 3*v - 98, 0 = -4*j + 4. What is the units digit of v?
4
Let c(z) = 2*z - 2. Let t be c(2). Suppose -f + 70 = 3*f + t*u, 0 = -2*u - 2. What is the units digit of 68/f - 6/(-27)?
4
Suppose -5*n + 192 = k, 2*n - 5*k - 56 = 10. Suppose n - 2 = 2*g. What is the tens digit of g?
1
Let z be -3 - (2 + 0)*-1. Let f be (z - -2)*1 + 1. Suppose 2 = v - 2*m, -2*v + 8 = f*v - m. What is the units digit of v?
2
Let v be (-11)/(2*3/(-6)). Suppose -2*d - v = 5*n + 10, -2*n = d + 8. Suppose 4*k + 3*j = 12, 26 = 3*k - 0*k - d*j. What is the units digit of k?
6
Let q(i) = 0*i**3 + 0*i**3 + 6 + 6*i**2 + i**3 + 2*i**2. Let h = -13 - -5. What is the units digit of q(h)?
6
Suppose 0 = -3*x - x - 2*g, 2*x + 2*g = -4. Suppose -2*v + 32 = -v + x*m, 0 = -3*v + m + 89. What is the tens digit of v?
3
Let i(r) = -2*r - 7. Let o be i(-5). Suppose -2*p = -o*f + 6 - 2, 0 = -p + 3*f - 5. What is the units digit of p?
1
Suppose 2*z - 15 = -4*k + 3*k, 4*z - 5 = 3*k. Let p be 154/10 - 2/z. Let a = -7 + p. What is the units digit of a?
8
Let g(q) be the first derivative of q**3 - 2*q - 1. Let k be ((-6)/4)/((-6)/8). What is the units digit of g(k)?
0
Suppose 140 = 5*s - 115. Let d(a) = a - 35. Let p be d(0). Let h = s + p. What is the units digit of h?
6
Suppose 6*i - 3*i + 9 = 3*j, -3*i - 25 = 5*j. What is the units digit of 3 + (18/(-1))/j?
2
What is the units digit of (-2 - 7)*60/(-36)?
5
Suppose -3 - 3 = -3*s. Suppose -3 = 5*h + s. What is the tens digit of (h - -3)*(-33)/(-6)?
1
Let u = -183 - -270. What is the units digit of u?
7
Suppose -3*q = -n - 511, -4*n + 6 + 14 = 0. What is the hundreds digit of q?
1
Suppose 0 = -3*x + 4*y + 69, -2*x + 6*y - 2*y = -42. What is the tens digit of x?
2
Let s be 10/(-6) + (-1)/3. Let p(m) = m**2 + 2*m + 2. Let z be p(s). Suppose -g = 3*l + z*g - 21, -4*l + 5*g + 19 = 0. What is the units digit of l?
6
Let j(v) = -v**2 - v + 5. Let p be j(0). Suppose 3*b - 2*b = 5. Suppose -x + 3 = -y, -b*y + p*x - 17 = -y. What is the units digit of y?
2
Suppose -c + 435 = 4*j, -5*c + 0*c = -2*j + 223. What is the units digit of j?
9
Let k = 71 - -13. What is the tens digit of k?
8
Let y be (8 + -9)*-15*1. Let p be (y/4)/(6/16). Suppose 4 - p = -2*i. What is the units digit of i?
3
Suppose -2 = 3*o - 17. Suppose -o*z + 8 = -12. Suppose 3*u = y - 10, 4*y + 13 = -z*u + 37. What is the units digit of y?
7
Let f = 11 - -9. What is the units digit of (3/(-2))/((-5)/f)?
6
Suppose 3*z - 5*f = -3*f + 36, -3*z = 2*f - 24. Let w(t) = -t**3 + 5*t**2 - t + 7. Let y be w(5). Let n = z - y. What is the units digit of n?
8
Let u(l) be the second derivative of -l**4/4 + l**3/3 - l**2/2 + 3*l. Let j be u(1). Let c = 3 - j. What is the units digit of c?
5
Suppose 0 = d - b - 36, 7*b - 2*b = 4*d - 144. What is the tens digit of d?
3
Let g be ((-10)/15)/((-6)/225). Suppose 3*a - g = -2*a. What is the units digit of a?
5
Let u be (120/3)/(4/6). Suppose 0*s - 3*s + u = 0. What is the tens digit of s?
2
Let i(r) = -14*r**2 + 14*r - 3. Let v(b) = -5*b**2 + 5*b - 1. Let h(k) = -4*i(k) + 11*v(k). Let n be h(2). Let u = n - 2. What is the units digit of u?
1
Suppose -4*j + 8 = -3*a, 3*a - 7*a = 3*j - 31. Let u(d) = -d**3 + 5*d**2 + 3*d. Let c be u(j). What is the units digit of (18/c)/(3/15)?
6
Let d = 15 + -13. Suppose -d + 0 = -h. What is the units digit of h?
2
Let v(q) = -q**2 + 53. What is the units digit of v(0)?
3
Suppose 277 = 3*w - 89. What is the hundreds digit of w?
1
Let g(o) = 0 - 2*o + o**2 - 5 + 0*o. Let j be g(4). Suppose -j*h + 2*h = -3. What is the units digit of h?
3
Let w(p) = 2*p**2 - p - 2. What is the units digit of w(3)?
3
Suppose -10 + 388 = z + 5*h, -h = -4*z + 1617. What is the units digit of z?
3
What is the tens digit of 8*(-4)/(-8) - -55?
5
Let i be 0/((-2)/1) - -22. Let f = i - -4. What is the units digit of f?
6
Let c be (4/(-12))/(1/(-21)). Suppose 3*p = -0*p + s + c, -5*p + 3*s + 13 = 0. Suppose 2*v - 2*z - 28 = 0, -v + 3*z = -p*z - 26. What is the tens digit of v?
1
Let h(l) = l**2 + 5*l + 4. Let c be h(-4). Let q(j) = j**3 - j**2 - 2*j + 39. What is the units digit of q(c)?
9
Let i(q) = 81*q + 1. What is the tens digit of i(1)?
8
Let d(t) = t - 3. Let s(i) = -i**2 + 8*i. Let q be s(8). Let c be d(q). What is the units digit of c*4/(-6)*2?
4
Suppose -227 = -2*o - 61. What is the tens digit of o?
8
Let h(v) = -v - 13. Let l be h(-11). What is the units digit of -6*(-6)/9 - l?
6
Let h = 8 + -3. Let d = 3 - h. Let i(k) = k**3 + 3*k**2 - k - 1. What is the units digit of i(d)?
5
Suppose -5*u + 2*w + 22 = 2, 4*u = -4*w - 12. What is the units digit of u?
2
Let z(o) = 121*o + 6. What is the tens digit of z(2)?
4
Suppose 4*z + 56 = -5*s, 2*z + 55 = -4*s + 9. Let m = s + 20. Suppose 3*g - 5 = -p, 2*p - m = -2*g - 3*g. What is the units digit of g?
2
Suppose 2*z + 72 = 3*z. What is the tens digit of z?
7
Suppose 0*o + 8 = -4*o, 0 = 4*l + 2*o - 56. What is the tens digit of l?
1
Let n(f) = 9*f**2 + 2*f + 3. What is the units digit of n(-3)?
8
Suppose 3*u = -0*u. Suppose 5*v + u*v = 5. What is the units digit of v?
1
Suppose 5*a - a + 8 = 0, -3*a = 2*z + 6. What is the tens digit of (-4 + z)*5/(-2)?
1
Let o(m) = m - 3. Let s be o(11). Suppose -s*v - 1 = -9*v. What is the units digit of v?
1
Let v(n) = -n + 6. Suppose 3*m = -30 + 6. What is the tens digit of v(m)?
1
Suppose 6 = 2*r - r + w, 2*r + 5*w = 24. Suppose -r*g + g = -3. What is the units digit of g?
3
Suppose 4*h - 7 = -3. Suppose 2*r = 7 + h. Suppose -f + r*d + 31 = 0, -3*d - 11 = 4. What is the tens digit of f?
1
Suppose 4*a + 0*a - 360 = 0. Suppose 4*z + a + 406 = 0. What is the units digit of z/(-8) - (-2)/(-4)?
5
Let w(l) = -9*l - 36. What is the units digit of w(-12)?
2
Suppose 4*l - 474 = d, 2*l - 155 = -2*d + 77. What is the units digit of l?
8
Let n be 1 + 50/((-6)/(-3)). Let j = n + -17. What is the units digit of j?
9
Suppose 2*x = 6*x - 12. Suppose -4*z - 2*q + 16 = 0, 0 = -x*z - q + 3*q + 26. Let i(d) = d**2 - 3*d - 8. What is the units digit of i(z)?
0
Suppose -21 = -g + f + 26, -51 = -g + 3*f. Let j be 10/g - (-32)/18. Let x = j + 0. What is the units digit of x?
2
Let c = -216 - -396. Suppose -c = -2*f - 3*f. Suppose 5*h - 19 = f. What is the units digit of h?
1
Suppose 4*v + 5*h = 16, -4*v - 4*h = -16 - 0. Let x(c) = c**2 - 2*c + 3. What is the tens digit of x(v)?
1
Suppose 2*p = -g + 2, 0*p - 1 = -p - 3*g. What is the units digit of p?
1
Let y = -139 + 195. Suppose v = 3, y = 5*h + 5*v + 6. Suppose p + 0*p - h = 0. What is the units digit of p?
7
Suppose -3*s - s = -36. Let w = s + -5. Suppose -w*l = 2 - 26. What is the units digit of l?
6
Let x(c) = c + 4. Let l be x(10). Let m = l - 10. What is the units digit of m?
4
Let s = 52 - -45. What is the units digit of s?
7
Suppose q - k = -0*k + 9, -q = -4*k + 6. Let r = 0 - q. Let c = 21 + r. What is the units digit of c?
7
Let n(g) = -49*g - 12. What is the hundreds digit of n(-3)?
1
Let p be (1/3)/((-6)/(-54)). Let i be (p - -1)*(0 - 1). Let q = i - -6. What is the units digit of q?
2
Let y(o) = 5*o - 12. What is the tens digit of y(7)?
2
Let m(f) = 4*f - 2*f + 16 - 4*f**2 + 3*f**2 + 9*f. What is the units digit of m(11)?
6
What is the units digit of 8/5 - (-6)/(-10)?
1
Let w(v) = -10*v + 3 + 15 + v**2 - 5. Let k be w(9). What is the units digit of 9/6*k/3?
2
What is the units digit of 243/45 - (-2)/(-5)?
5
Let b be (-2)/(-8) + (-1)/4. Let h = b + 0. Let v(c) = -c**2 - c + 5. What is the units digit of v(h)